pose -33 = 3*z - 87. Suppose -z = -3*m + 3*q, -4*m - m - 5*q = 10. Let s(d) = 5*d - 1. Give s(m).
9
Let g(m) be the third derivative of -5/6*m**3 + 0*m + 1/120*m**6 + 0 + 0*m**4 + 4*m**2 + 1/12*m**5. Determine g(-5).
-5
Let y(i) = 3*i**2 + 2*i + 1. Let d be 40/(-18) + 6/27. Let j = d - -1. Give y(j).
2
Let j be 1 - -3*(-6)/(-9). Let y(w) = 2*w**3 - 3*w**2 + 0*w**3 - w**3 - 1 + j*w. Give y(2).
1
Let s(r) be the third derivative of r**4/24 + r**3/6 + 45*r**2. Give s(6).
7
Let g(q) = -q**2 + 7*q - 7. Let a be (-50)/15*9/(-6). What is g(a)?
3
Suppose -o + 5*n + 32 = 0, -4*o + 2*n + 111 = -n. Suppose -4*y - y = 2*g + 21, 4*y + 5*g = -o. Let p(a) = a**2 + 4*a + 1. Determine p(y).
-2
Let z(j) = -j - 12. Suppose -i + 4*l + 20 = 0, 0 = 5*i + 7*l - 2*l + 25. Give z(i).
-12
Let q(c) = 8*c**2 - 15*c**2 - 2*c + 3*c**3 + c**3 + 5. Let o(f) = 8*f**3 - 15*f**2 - 4*f + 11. Let b(a) = -6*o(a) + 13*q(a). Determine b(-1).
-4
Let l(d) = 2*d**3 + 2*d**2 - d + 1. Let q = -3 - -1. Calculate l(q).
-5
Let g(w) = -w**2 + 4*w + 5. Suppose -h - 32 = -5*h. Suppose -7*a + 5*a = -h. What is g(a)?
5
Let z(w) be the third derivative of w**4/24 - w**3/3 + 8*w**2. Let a be (-5)/(-1) + (-2)/(-2). Give z(a).
4
Let b = -14 - -20. Suppose n - b = -0*n. Let l(d) = d**2 - 4*d - 5. Calculate l(n).
7
Let t = 1 + -5. Let i = t - -6. Let r(n) = 2*n - n**2 - 3 + 3*n**2 - n**2. What is r(i)?
5
Let g(y) = -3*y**3 + y**2 - 2*y - 1. Let u be (75/10 - 6)/((-3)/(-4)). What is g(u)?
-25
Let z be 6/(-27) - 6/(-27). Let h(c) be the third derivative of -c**6/120 - c**5/60 - c**4/24 + c**3/3 + c**2. Give h(z).
2
Let h(m) be the first derivative of -m**4/4 + m**3 + 10. Determine h(2).
4
Let i(l) be the third derivative of l**6/120 - 7*l**5/60 - l**3 - 4*l**2. Let m = 9 + -2. Give i(m).
-6
Let o(l) = -3*l - 6. Let b be o(-4). Let r be b*((-6)/9 - 0). Let h(u) = u**3 + 5*u**2 + 3*u - 5. Determine h(r).
-1
Let b(h) = -2*h - 2. Let l(q) = 2*q + 3. Let m(j) = -6*b(j) - 5*l(j). Suppose 3*z = -3, -3*x = -x + 2*z + 8. Calculate m(x).
-9
Suppose 19*o - 15*o = -8. Let w(g) = -g**3 - 3*g**2 - g + 1. Calculate w(o).
-1
Let m(h) = h**3 + 4*h**2 + 1 + 6 + 3*h - 2 - 3. Suppose -4*d + 3*d - c = 1, 2*d - c + 5 = 0. What is m(d)?
4
Let r(g) = -g - 14. Let p(o) = -1. Let h(l) = 5*p(l) - r(l). Let j be h(-5). Let d(v) = -v**2 + 4*v. Give d(j).
0
Let y(h) be the first derivative of h**5/60 - h**4/4 - h**3 - h**2 - 4. Let p(x) be the second derivative of y(x). Give p(6).
-6
Let y(m) = -m**2 + 1. Let u be 5 - (4 - 4)/1. Suppose 0 = a + 2*r + u, a = -r - 3*r - 9. Calculate y(a).
0
Let z(o) be the third derivative of -o**6/120 + o**5/30 + 2*o**3/3 - 2*o**2. What is z(3)?
-5
Suppose -2*y + y + 4*x = -16, 5*y + x + 25 = 0. Let k be y/(-6) + 32/6. Let z(a) be the first derivative of -a**3/3 + 7*a**2/2 - 4*a + 2. Calculate z(k).
2
Let m(l) = l**2 + 3*l - 5. Let f(i) = -2*i**2 - 7*i + 11. Let j(k) = -4*f(k) - 9*m(k). Let u be 0 + -1 + -1 + 0. Determine j(u).
-5
Let u(s) = -38*s**3 - 14*s**2 - 14*s - 11. Let d(b) = 25*b**3 + 9*b**2 + 9*b + 7. Let t(g) = 8*d(g) + 5*u(g). Determine t(-1).
-9
Let y = 2 - -4. Let a = y + -6. Suppose a = -0*s + s + 5. Let f(r) = r**2 + 5*r + 2. Determine f(s).
2
Let w(f) be the first derivative of 1 + 1/3*f**3 - 2*f**2 + 1/4*f**4 - 2*f. Let z(t) = t**3 - 6*t**2 + 3*t + 7. Let r be z(5). Calculate w(r).
-8
Let w(z) = 2*z**3 + z**2 + z + 1. Let a be (8/6)/(4/(-6)). Give w(a).
-13
Let u(c) = 5*c + 46*c**2 + c - 47*c**2 - 3*c - 4. Let g(q) = 3*q**2. Let l be g(1). Calculate u(l).
-4
Let r(h) be the first derivative of 3*h**2 - h - 42. Calculate r(-1).
-7
Let j(m) = -m**2 + 7*m. Let s(u) = 3*u. Let a(g) = -3*j(g) + 7*s(g). Let z = 1 - -2. Suppose -w + z = 2*w. Determine a(w).
3
Let r(n) = -n**3 - 3*n**2 + 7*n + 5. Let u(x) = 2*x + 7. Let g be u(-8). Let h = 5 + g. Determine r(h).
-7
Let j = -302 - -297. Let s(n) be the third derivative of n**4/24 + n**3/3 - n**2. Calculate s(j).
-3
Let q(k) = k**3 + 6*k**2 - 8*k - 5. Suppose -20 = 5*x + 15. What is q(x)?
2
Let r(h) be the third derivative of -1/30*h**5 + 1/120*h**6 - 4*h**2 - 1/2*h**3 - 1/24*h**4 + 0*h + 0. Determine r(3).
3
Let j be (-1 - (-1)/(-2))/(22/(-88)). Let s(h) = -h**3 + 6*h**2 + 3*h + 4. Give s(j).
22
Let l(q) = -q**2 - 7*q - 6. Suppose -4*f - 12 = 0, 4*d + f - 2 = -f. Let h = 7 - 4. Suppose 0 = 4*u + 20, u = d*t + 6 - h. What is l(t)?
6
Let n(u) = -u**3 - 3*u**2 - 2*u. Suppose 0 = -5*b - 5*i + 20, 3*b = 2*b + 5*i - 8. Let r be 1/(-3) + (-3)/(-9). Let o = r - b. Determine n(o).
0
Suppose -v - u - 10 = 0, 3*u = v - u + 10. Let c be (21/35)/(2/v). Let h(z) = 2*z + 3*z - 3*z. Give h(c).
-6
Let d = 10 - 6. Let a(f) = -9*f**3 + 3*f**2 + 3*f - 11. Let j(x) = 5*x**3 - 2*x**2 - x + 6. Let t(p) = d*a(p) + 7*j(p). What is t(-4)?
10
Let w(i) = -24*i**3 + 14. Let t(k) = 8*k**3 - 5. Let x(a) = 11*t(a) + 4*w(a). Calculate x(-1).
9
Suppose -18*m = -14*m + 28. Let s(h) = h**3 + 8*h**2 + 7*h - 5. Give s(m).
-5
Let b(d) = -d + 11. Let m be b(0). Let u = m + -5. Let f(k) = k - 8. Calculate f(u).
-2
Let w = -19 - -34. Suppose q + w = -2*q, -2*q = -5*m + 15. Let c(i) = 6*i + 1. Give c(m).
7
Let k(n) = n**3 + 2*n**2 + n - 3. Let z(a) = -3*a**3 - 3*a**2 - 2*a + 5. Let l(q) = 5*k(q) + 2*z(q). Determine l(4).
-1
Let m(o) be the first derivative of o**4/4 + 7*o**3/3 + 3*o**2 + 4*o + 10. Let r = 4 + -10. Give m(r).
4
Suppose 0*a + 2*b = 3*a - 4, 0 = -b + 4. Let d(m) = -a*m - 2 + 2*m - 1. Suppose -14 = 4*g + 2*y + 2, -4*g + 2*y = 0. Calculate d(g).
1
Let j = -115 + 126. Let s(i) = -i**3 + 12*i**2 - 11*i - 4. What is s(j)?
-4
Let i(f) be the third derivative of -f**5/60 + f**3/6 - 8*f**2. Suppose -4*h = -3*h - 4. Give i(h).
-15
Let m(l) = -l**2 + 6*l + 12. Let t be m(8). Let d(g) = 1 - 5*g + 0 + g**2 - 2*g**2. Calculate d(t).
5
Let c(x) = -2*x + 2. Suppose -t + 3*n - 11 = n, 7 = t + 4*n. Let o(m) = 3*m - 3. Let q(a) = t*c(a) - 3*o(a). Determine q(-1).
-2
Let b be ((-6)/12)/((-1)/(-10)). Let u(h) = -2 + 0 + h + 0. Calculate u(b).
-7
Let x be 3/(-9) - (56/(-6) + 6). Let t(r) = -2*r + 0*r + 3 + r. Give t(x).
0
Let t(n) = 3*n**2 + n**2 + 3*n**2. Suppose 18*c - 17*c + 1 = 0. Determine t(c).
7
Suppose -2*k = k + 15. Let v(f) = -f**3 - 5*f**2 - 2*f - 3. Determine v(k).
7
Let g(x) be the first derivative of -x**2 - 6*x + 13. Determine g(-6).
6
Let o(v) = 4*v**2 + v - 1. Let r be o(1). Suppose 0 = -2*x - 8, -25 = -3*i + 7*x - 3*x. Let k(m) = -r + 1 - 2*m + i*m. What is k(-4)?
-7
Let f(w) = 2*w - 5. Let u(s) = -3*s**2 - 2*s - 2. Let p be u(-3). Let h = -18 - p. What is f(h)?
5
Let i = 2 - -3. Suppose -3*s + i*s = 28. Suppose -4*f = -6 - s. Let v(y) = -y**3 + 5*y**2 - 2. Give v(f).
-2
Let y(b) = b**2 + 6*b + 5. Let t = -19 - -14. Calculate y(t).
0
Let g(a) = a**3 + 4*a**2 + 4*a + 1. Let q be 6/(-10) + 48/(-20). Give g(q).
-2
Let g(c) be the first derivative of 2 + 0*c + 1/3*c**3 + 1/2*c**2. Calculate g(-2).
2
Let s(h) be the third derivative of -h**4/4 + h**3/6 - 4*h**2. Suppose 2*u + 13 = 3*b - 1, -5*u = b + 1. Give s(u).
7
Let c(q) be the first derivative of 2*q**3 - q**2 - q - 18. Give c(-1).
7
Let l(h) = -2*h**2 + 0 - 7 - 3*h + h**2 - 8*h. Give l(-7).
21
Let q(l) = 2*l**2 + l - 6. Suppose -7 = 4*j + v, -5*j + 3*v - 12 - 18 = 0. Let k(i) = 2 - 2*i + 5 - 2*i**2 - i**2. Let s(g) = j*k(g) - 4*q(g). Calculate s(-2).
3
Let j(r) = 16 + 20 - 42 + 2*r. Calculate j(9).
12
Let n(j) = 0 + 3 + 3*j - 7. Let c(s) = -7*s + 7. Let b(v) = -2*c(v) - 5*n(v). Give b(-6).
12
Let g(z) = 5*z**2 - 9*z + 4. Let i(a) = -3*a**2 + 6*a - 3. Let q = 8 + 0. Let m(u) = q*i(u) + 5*g(u). Calculate m(-4).
0
Let s be (6/(-4))/(1/(-2)). Suppose 3*f + 12 = -4*p - s, -5*f - p = 8. Let y(w) be the third derivative of -w**4/8 + 33*w**2. Determine y(f).
3
Let d be 6/(-9)*(0 + 3). Let a(z) = 2*z**2 - 2. What is a(d)?
6
Let x(y) = 3*y - 5. Let k be x(2). Let u(q) = 7*q**2 + q. What is u(k)?
8
Let x(c) = -5 - 5*c + c**2 + 6*c + 2. Let r be x(0). Let k(t) be the first derivative of 2*t**3/3 + 3*t**2/2 - 4*t - 2. What is k(r)?
5
Let g(y) be the first derivative of 5/2*y**2 + 1/3*y**3 - 3*y + 1. Let b = 4 - 9. Calculate g(b).
-3
Let s(o) be the second derivative of o**6/20 + o**5/60 - o**4/24 - o**2/2 + 2*o. Let k(b) be the first derivative of s(b). Determine k(1).
6
Let m(p) = -p**3 - 8*p**2 - 11*p - 8. Let r be m(-7). Suppo